{"id":95,"date":"2024-01-16T11:09:32","date_gmt":"2024-01-16T11:09:32","guid":{"rendered":"http:\/\/lydsalonen.dk\/?page_id=95"},"modified":"2024-02-01T18:28:00","modified_gmt":"2024-02-01T18:28:00","slug":"pris","status":"publish","type":"page","link":"https:\/\/lydsalonen.dk\/index.php\/pris\/","title":{"rendered":"PRISER"},"content":{"rendered":"<div class=\"wp-block-image\">\n<figure class=\"aligncenter size-full is-resized\"><img loading=\"lazy\" decoding=\"async\" width=\"945\" height=\"210\" src=\"http:\/\/lydsalonen.dk\/wp-content\/uploads\/2024\/01\/logo-1.png\" alt=\"\" class=\"wp-image-315\" style=\"width:1200px\" srcset=\"https:\/\/lydsalonen.dk\/wp-content\/uploads\/2024\/01\/logo-1.png 945w, https:\/\/lydsalonen.dk\/wp-content\/uploads\/2024\/01\/logo-1-300x67.png 300w, https:\/\/lydsalonen.dk\/wp-content\/uploads\/2024\/01\/logo-1-768x171.png 768w\" sizes=\"auto, (max-width: 945px) 100vw, 945px\" \/><\/figure>\n<\/div>\n\n\n<div class=\"wp-block-group alignfull has-tertiary-background-color has-background has-medium-font-size is-content-justification-center is-layout-flex wp-container-core-group-is-layout-cb69241e wp-block-group-is-layout-flex\" style=\"margin-top:0;margin-bottom:0;padding-right:var(--wp--preset--spacing--30);padding-left:var(--wp--preset--spacing--30);font-style:normal;font-weight:600\">\n<p><\/p>\n\n\n\n<div style=\"height:100px;width:0px\" aria-hidden=\"true\" class=\"wp-block-spacer wp-container-content-6388d5dc\"><\/div>\n<\/div>\n\n\n\n<div class=\"wp-block-group alignfull has-tertiary-background-color has-background has-medium-font-size is-content-justification-center is-layout-flex wp-container-core-group-is-layout-bed1b96f wp-block-group-is-layout-flex\" style=\"margin-top:0;margin-bottom:0;padding-right:0;padding-left:0;font-style:normal;font-weight:600\">\n<p><\/p>\n<\/div>\n\n\n\n<div class=\"wp-block-group alignfull has-background-background-color has-background\" style=\"margin-top:0;margin-bottom:0;padding-top:var(--wp--preset--spacing--60);padding-right:var(--wp--preset--spacing--30);padding-bottom:var(--wp--preset--spacing--60);padding-left:var(--wp--preset--spacing--30)\"><div class=\"wp-block-group__inner-container is-layout-constrained wp-container-core-group-is-layout-392eb801 wp-block-group-is-layout-constrained\">\n<div class=\"wp-block-group alignwide is-content-justification-left\"><div class=\"wp-block-group__inner-container is-layout-constrained wp-container-core-group-is-layout-eded1d97 wp-block-group-is-layout-constrained\">\n<h3 class=\"wp-block-heading has-text-align-center has-white-color has-text-color has-link-color wp-elements-9c2385a9700125ac6b4046dd0ff2154d\">Du er velkommen til at tage kontakt til&nbsp;<strong><em>Lydsalonen<\/em><\/strong>&nbsp;og h\u00f8re n\u00e6rmere om datoer, priser og evt. f\u00e5 et tilbud&#8230;.<\/h3>\n<\/div><\/div>\n\n\n\n<div class=\"wp-block-columns alignwide is-layout-flex wp-container-core-columns-is-layout-65786054 wp-block-columns-is-layout-flex\">\n<div class=\"wp-block-column is-layout-flow wp-block-column-is-layout-flow\">\n<figure class=\"wp-block-image size-full ext-aspect-landscape ext-import\"><img loading=\"lazy\" decoding=\"async\" width=\"600\" height=\"400\" src=\"http:\/\/lydsalonen.dk\/wp-content\/uploads\/2024\/01\/bog.jpeg\" alt=\"\" class=\"wp-image-151\" srcset=\"https:\/\/lydsalonen.dk\/wp-content\/uploads\/2024\/01\/bog.jpeg 600w, https:\/\/lydsalonen.dk\/wp-content\/uploads\/2024\/01\/bog-300x200.jpeg 300w\" sizes=\"auto, (max-width: 600px) 100vw, 600px\" \/><\/figure>\n\n\n\n<h3 class=\"wp-block-heading has-text-align-center\" style=\"margin-top:24px;font-size:20px;line-height:1.5\">Projekter<\/h3>\n\n\n\n<p class=\"has-text-align-center has-white-color has-black-background-color has-text-color has-background has-link-color has-small-font-size wp-elements-67a377a272e9f7a807736624d7fb5e7d\">Udgangspunktet er altid, at et projekt f\u00f8rst er afsluttet, n\u00e5r alle involverede parter er glade for resultatet. Derfor skal der bruges den m\u00e6ngde tid og energi p\u00e5 det, som det kr\u00e6ver. Det betyder, at b\u00e5de lydpr\u00f8ve, tracking, mixing og mastering skal tage den tid det skal, for at skabe det bedst mulige resultat.<\/p>\n\n\n\n<hr class=\"wp-block-separator has-text-color has-vivid-red-color has-alpha-channel-opacity has-vivid-red-background-color has-background\"\/>\n\n\n\n<p><\/p>\n<\/div>\n\n\n\n<div class=\"wp-block-column is-layout-flow wp-block-column-is-layout-flow\">\n<figure class=\"wp-block-image size-full ext-aspect-landscape ext-import\"><img loading=\"lazy\" decoding=\"async\" width=\"600\" height=\"400\" src=\"http:\/\/lydsalonen.dk\/wp-content\/uploads\/2024\/01\/pexels-photo-5766749.jpeg\" alt=\"\" class=\"wp-image-210\" srcset=\"https:\/\/lydsalonen.dk\/wp-content\/uploads\/2024\/01\/pexels-photo-5766749.jpeg 600w, https:\/\/lydsalonen.dk\/wp-content\/uploads\/2024\/01\/pexels-photo-5766749-300x200.jpeg 300w\" sizes=\"auto, (max-width: 600px) 100vw, 600px\" \/><\/figure>\n\n\n\n<h3 class=\"wp-block-heading has-text-align-center\" style=\"margin-top:24px;font-size:20px;line-height:1.5\">Tilbud<\/h3>\n\n\n\n<p class=\"has-text-align-center has-white-color has-black-background-color has-text-color has-background has-link-color has-small-font-size wp-elements-5837287488ae4a84d41ddf0b8da3bf17\" style=\"margin-top:8px\">Der opereres ikke med en fast timepris, da et budget s\u00e5ledes nemt kan overskrides. Derfor tilrettel\u00e6gges et tilbud sammen med kunden, udfra dennes budgetid\u00e9 og udfra, hvor meget arbejde der forventes, at skulle l\u00e6gges i projektet.<br><br><br><\/p>\n\n\n\n<hr class=\"wp-block-separator has-text-color has-vivid-red-color has-alpha-channel-opacity has-vivid-red-background-color has-background\"\/>\n<\/div>\n\n\n\n<div class=\"wp-block-column is-layout-flow wp-block-column-is-layout-flow\">\n<figure class=\"wp-block-image size-full ext-aspect-landscape ext-import\"><img loading=\"lazy\" decoding=\"async\" width=\"600\" height=\"397\" src=\"http:\/\/lydsalonen.dk\/wp-content\/uploads\/2024\/01\/pexels-photo-3796788.jpeg\" alt=\"\" class=\"wp-image-152\" srcset=\"https:\/\/lydsalonen.dk\/wp-content\/uploads\/2024\/01\/pexels-photo-3796788.jpeg 600w, https:\/\/lydsalonen.dk\/wp-content\/uploads\/2024\/01\/pexels-photo-3796788-300x199.jpeg 300w\" sizes=\"auto, (max-width: 600px) 100vw, 600px\" \/><\/figure>\n\n\n\n<h3 class=\"wp-block-heading has-text-align-center\" style=\"margin-top:24px;font-size:20px;line-height:1.5\">Mixning &amp; Masterfing<\/h3>\n\n\n\n<p class=\"has-text-align-center has-white-color has-black-background-color has-text-color has-background has-link-color has-small-font-size wp-elements-a128f459103773cb478b0de826ab0269\" style=\"margin-top:8px\">Tilbuddet&nbsp;altid inklusiv alt efterarbejde; dvs. mixning og mastering.<br>Skulle man \u00f8nske det, er man ogs\u00e5 velkommen til at f\u00e5 mix og\/eller mastering lavet et andet sted.<br><br><br><br><\/p>\n\n\n\n<hr class=\"wp-block-separator has-text-color has-vivid-red-color has-alpha-channel-opacity has-vivid-red-background-color has-background\"\/>\n<\/div>\n<\/div>\n\n\n\n<p><strong>Vedr\u00f8rende tilbud<\/strong><\/p>\n\n\n\n<p class=\"has-white-color has-black-background-color has-text-color has-background has-link-color wp-elements-7d9e890aba5aef0a41c275dfb8090db3\">N\u00e5r et tilbud gives tages der h\u00f8jde for f\u00f8lgende:<br>&#8211; antal timer til indspilning i studiet<br>&#8211; antal numre der forventes indspillet<br>&#8211; instrumentering (hvor mange musikere, instrumenttyper m.m)<br>&#8211; optagemetode (live\/lag p\u00e5 lag)<\/p>\n\n\n\n<hr class=\"wp-block-separator has-text-color has-vivid-red-color has-alpha-channel-opacity has-vivid-red-background-color has-background\"\/>\n\n\n\n<p><\/p>\n<\/div><\/div>\n\n\n\n<figure class=\"wp-block-image size-large is-resized\"><img loading=\"lazy\" decoding=\"async\" width=\"1024\" height=\"90\" src=\"http:\/\/lydsalonen.dk\/wp-content\/uploads\/2024\/02\/Untitled-100-1024x90.jpg\" alt=\"\" class=\"wp-image-544\" style=\"width:1200px\" srcset=\"https:\/\/lydsalonen.dk\/wp-content\/uploads\/2024\/02\/Untitled-100-1024x90.jpg 1024w, https:\/\/lydsalonen.dk\/wp-content\/uploads\/2024\/02\/Untitled-100-300x26.jpg 300w, https:\/\/lydsalonen.dk\/wp-content\/uploads\/2024\/02\/Untitled-100-768x68.jpg 768w, https:\/\/lydsalonen.dk\/wp-content\/uploads\/2024\/02\/Untitled-100-1536x135.jpg 1536w, https:\/\/lydsalonen.dk\/wp-content\/uploads\/2024\/02\/Untitled-100-2048x180.jpg 2048w\" sizes=\"auto, (max-width: 1024px) 100vw, 1024px\" \/><\/figure>\n","protected":false},"excerpt":{"rendered":"<p>Du er velkommen til at tage kontakt til&nbsp;Lydsalonen&nbsp;og h\u00f8re n\u00e6rmere om datoer, priser og evt. f\u00e5 et tilbud&#8230;. Projekter Udgangspunktet<\/p>\n","protected":false},"author":2,"featured_media":0,"parent":0,"menu_order":0,"comment_status":"closed","ping_status":"closed","template":"page_full.php","meta":{"inline_featured_image":false,"footnotes":""},"class_list":["post-95","page","type-page","status-publish","hentry"],"yoast_head":"<!-- This site is optimized with the Yoast SEO plugin v26.3 - https:\/\/yoast.com\/wordpress\/plugins\/seo\/ -->\n<title>PRISER - Lydsalonen.dk<\/title>\n<meta name=\"robots\" content=\"index, follow, max-snippet:-1, max-image-preview:large, max-video-preview:-1\" \/>\n<link rel=\"canonical\" href=\"https:\/\/lydsalonen.dk\/index.php\/pris\/\" \/>\n<meta property=\"og:locale\" content=\"da_DK\" \/>\n<meta property=\"og:type\" content=\"article\" \/>\n<meta property=\"og:title\" content=\"PRISER - Lydsalonen.dk\" \/>\n<meta property=\"og:description\" content=\"Du er velkommen til at tage kontakt til&nbsp;Lydsalonen&nbsp;og h\u00f8re n\u00e6rmere om datoer, priser og evt. f\u00e5 et tilbud&#8230;. Projekter Udgangspunktet\" \/>\n<meta property=\"og:url\" content=\"https:\/\/lydsalonen.dk\/index.php\/pris\/\" \/>\n<meta property=\"og:site_name\" content=\"Lydsalonen.dk\" \/>\n<meta property=\"article:publisher\" content=\"https:\/\/www.facebook.com\/search\/top?q=lydsalonen\" \/>\n<meta property=\"article:modified_time\" content=\"2024-02-01T18:28:00+00:00\" \/>\n<meta property=\"og:image\" content=\"http:\/\/lydsalonen.dk\/wp-content\/uploads\/2024\/01\/logo-1.png\" \/>\n<meta name=\"twitter:card\" content=\"summary_large_image\" \/>\n<meta name=\"twitter:label1\" content=\"Estimeret l\u00e6setid\" \/>\n\t<meta name=\"twitter:data1\" content=\"2 minutter\" \/>\n<script type=\"application\/ld+json\" class=\"yoast-schema-graph\">{\"@context\":\"https:\/\/schema.org\",\"@graph\":[{\"@type\":\"WebPage\",\"@id\":\"https:\/\/lydsalonen.dk\/index.php\/pris\/\",\"url\":\"https:\/\/lydsalonen.dk\/index.php\/pris\/\",\"name\":\"PRISER - Lydsalonen.dk\",\"isPartOf\":{\"@id\":\"https:\/\/lydsalonen.dk\/#website\"},\"primaryImageOfPage\":{\"@id\":\"https:\/\/lydsalonen.dk\/index.php\/pris\/#primaryimage\"},\"image\":{\"@id\":\"https:\/\/lydsalonen.dk\/index.php\/pris\/#primaryimage\"},\"thumbnailUrl\":\"http:\/\/lydsalonen.dk\/wp-content\/uploads\/2024\/01\/logo-1.png\",\"datePublished\":\"2024-01-16T11:09:32+00:00\",\"dateModified\":\"2024-02-01T18:28:00+00:00\",\"breadcrumb\":{\"@id\":\"https:\/\/lydsalonen.dk\/index.php\/pris\/#breadcrumb\"},\"inLanguage\":\"da-DK\",\"potentialAction\":[{\"@type\":\"ReadAction\",\"target\":[\"https:\/\/lydsalonen.dk\/index.php\/pris\/\"]}]},{\"@type\":\"ImageObject\",\"inLanguage\":\"da-DK\",\"@id\":\"https:\/\/lydsalonen.dk\/index.php\/pris\/#primaryimage\",\"url\":\"https:\/\/lydsalonen.dk\/wp-content\/uploads\/2024\/01\/logo-1.png\",\"contentUrl\":\"https:\/\/lydsalonen.dk\/wp-content\/uploads\/2024\/01\/logo-1.png\",\"width\":945,\"height\":210},{\"@type\":\"BreadcrumbList\",\"@id\":\"https:\/\/lydsalonen.dk\/index.php\/pris\/#breadcrumb\",\"itemListElement\":[{\"@type\":\"ListItem\",\"position\":1,\"name\":\"Hjem\",\"item\":\"https:\/\/lydsalonen.dk\/\"},{\"@type\":\"ListItem\",\"position\":2,\"name\":\"PRISER\"}]},{\"@type\":\"WebSite\",\"@id\":\"https:\/\/lydsalonen.dk\/#website\",\"url\":\"https:\/\/lydsalonen.dk\/\",\"name\":\"Lydsalonen.dk\",\"description\":\"Et lydstudie i Randers...\",\"publisher\":{\"@id\":\"https:\/\/lydsalonen.dk\/#organization\"},\"potentialAction\":[{\"@type\":\"SearchAction\",\"target\":{\"@type\":\"EntryPoint\",\"urlTemplate\":\"https:\/\/lydsalonen.dk\/?s={search_term_string}\"},\"query-input\":{\"@type\":\"PropertyValueSpecification\",\"valueRequired\":true,\"valueName\":\"search_term_string\"}}],\"inLanguage\":\"da-DK\"},{\"@type\":\"Organization\",\"@id\":\"https:\/\/lydsalonen.dk\/#organization\",\"name\":\"Lydsalonen.dk\",\"url\":\"https:\/\/lydsalonen.dk\/\",\"logo\":{\"@type\":\"ImageObject\",\"inLanguage\":\"da-DK\",\"@id\":\"https:\/\/lydsalonen.dk\/#\/schema\/logo\/image\/\",\"url\":\"http:\/\/lydsalonen.dk\/wp-content\/uploads\/2024\/01\/logo-11.png\",\"contentUrl\":\"http:\/\/lydsalonen.dk\/wp-content\/uploads\/2024\/01\/logo-11.png\",\"width\":1672,\"height\":1680,\"caption\":\"Lydsalonen.dk\"},\"image\":{\"@id\":\"https:\/\/lydsalonen.dk\/#\/schema\/logo\/image\/\"},\"sameAs\":[\"https:\/\/www.facebook.com\/search\/top?q=lydsalonen\"]}]}<\/script>\n<!-- \/ Yoast SEO plugin. -->","yoast_head_json":{"title":"PRISER - Lydsalonen.dk","robots":{"index":"index","follow":"follow","max-snippet":"max-snippet:-1","max-image-preview":"max-image-preview:large","max-video-preview":"max-video-preview:-1"},"canonical":"https:\/\/lydsalonen.dk\/index.php\/pris\/","og_locale":"da_DK","og_type":"article","og_title":"PRISER - Lydsalonen.dk","og_description":"Du er velkommen til at tage kontakt til&nbsp;Lydsalonen&nbsp;og h\u00f8re n\u00e6rmere om datoer, priser og evt. f\u00e5 et tilbud&#8230;. Projekter Udgangspunktet","og_url":"https:\/\/lydsalonen.dk\/index.php\/pris\/","og_site_name":"Lydsalonen.dk","article_publisher":"https:\/\/www.facebook.com\/search\/top?q=lydsalonen","article_modified_time":"2024-02-01T18:28:00+00:00","og_image":[{"url":"http:\/\/lydsalonen.dk\/wp-content\/uploads\/2024\/01\/logo-1.png","type":"","width":"","height":""}],"twitter_card":"summary_large_image","twitter_misc":{"Estimeret l\u00e6setid":"2 minutter"},"schema":{"@context":"https:\/\/schema.org","@graph":[{"@type":"WebPage","@id":"https:\/\/lydsalonen.dk\/index.php\/pris\/","url":"https:\/\/lydsalonen.dk\/index.php\/pris\/","name":"PRISER - Lydsalonen.dk","isPartOf":{"@id":"https:\/\/lydsalonen.dk\/#website"},"primaryImageOfPage":{"@id":"https:\/\/lydsalonen.dk\/index.php\/pris\/#primaryimage"},"image":{"@id":"https:\/\/lydsalonen.dk\/index.php\/pris\/#primaryimage"},"thumbnailUrl":"http:\/\/lydsalonen.dk\/wp-content\/uploads\/2024\/01\/logo-1.png","datePublished":"2024-01-16T11:09:32+00:00","dateModified":"2024-02-01T18:28:00+00:00","breadcrumb":{"@id":"https:\/\/lydsalonen.dk\/index.php\/pris\/#breadcrumb"},"inLanguage":"da-DK","potentialAction":[{"@type":"ReadAction","target":["https:\/\/lydsalonen.dk\/index.php\/pris\/"]}]},{"@type":"ImageObject","inLanguage":"da-DK","@id":"https:\/\/lydsalonen.dk\/index.php\/pris\/#primaryimage","url":"https:\/\/lydsalonen.dk\/wp-content\/uploads\/2024\/01\/logo-1.png","contentUrl":"https:\/\/lydsalonen.dk\/wp-content\/uploads\/2024\/01\/logo-1.png","width":945,"height":210},{"@type":"BreadcrumbList","@id":"https:\/\/lydsalonen.dk\/index.php\/pris\/#breadcrumb","itemListElement":[{"@type":"ListItem","position":1,"name":"Hjem","item":"https:\/\/lydsalonen.dk\/"},{"@type":"ListItem","position":2,"name":"PRISER"}]},{"@type":"WebSite","@id":"https:\/\/lydsalonen.dk\/#website","url":"https:\/\/lydsalonen.dk\/","name":"Lydsalonen.dk","description":"Et lydstudie i Randers...","publisher":{"@id":"https:\/\/lydsalonen.dk\/#organization"},"potentialAction":[{"@type":"SearchAction","target":{"@type":"EntryPoint","urlTemplate":"https:\/\/lydsalonen.dk\/?s={search_term_string}"},"query-input":{"@type":"PropertyValueSpecification","valueRequired":true,"valueName":"search_term_string"}}],"inLanguage":"da-DK"},{"@type":"Organization","@id":"https:\/\/lydsalonen.dk\/#organization","name":"Lydsalonen.dk","url":"https:\/\/lydsalonen.dk\/","logo":{"@type":"ImageObject","inLanguage":"da-DK","@id":"https:\/\/lydsalonen.dk\/#\/schema\/logo\/image\/","url":"http:\/\/lydsalonen.dk\/wp-content\/uploads\/2024\/01\/logo-11.png","contentUrl":"http:\/\/lydsalonen.dk\/wp-content\/uploads\/2024\/01\/logo-11.png","width":1672,"height":1680,"caption":"Lydsalonen.dk"},"image":{"@id":"https:\/\/lydsalonen.dk\/#\/schema\/logo\/image\/"},"sameAs":["https:\/\/www.facebook.com\/search\/top?q=lydsalonen"]}]}},"_links":{"self":[{"href":"https:\/\/lydsalonen.dk\/index.php\/wp-json\/wp\/v2\/pages\/95","targetHints":{"allow":["GET"]}}],"collection":[{"href":"https:\/\/lydsalonen.dk\/index.php\/wp-json\/wp\/v2\/pages"}],"about":[{"href":"https:\/\/lydsalonen.dk\/index.php\/wp-json\/wp\/v2\/types\/page"}],"author":[{"embeddable":true,"href":"https:\/\/lydsalonen.dk\/index.php\/wp-json\/wp\/v2\/users\/2"}],"replies":[{"embeddable":true,"href":"https:\/\/lydsalonen.dk\/index.php\/wp-json\/wp\/v2\/comments?post=95"}],"version-history":[{"count":15,"href":"https:\/\/lydsalonen.dk\/index.php\/wp-json\/wp\/v2\/pages\/95\/revisions"}],"predecessor-version":[{"id":619,"href":"https:\/\/lydsalonen.dk\/index.php\/wp-json\/wp\/v2\/pages\/95\/revisions\/619"}],"wp:attachment":[{"href":"https:\/\/lydsalonen.dk\/index.php\/wp-json\/wp\/v2\/media?parent=95"}],"curies":[{"name":"wp","href":"https:\/\/api.w.org\/{rel}","templated":true}]}}